334521365?
5334521362
In base 12, what is 2aa5019 + 0?
2aa5019
In base 12, what is -5a99 + -1755?
-7632
In base 4, what is -30323 + -110303331?
-111000320
In base 15, what is -dbc - -37e?
-a3d
In base 13, what is -5c5 - 614?
-c09
In base 4, what is -222 - -133310212322?
133310212100
In base 10, what is 34 - -49407?
49441
In base 3, what is -100210211022 + -11122?
-100210222221
In base 6, what is 3 - 14444413150?
-14444413143
In base 5, what is 11244241431 + 12?
11244241443
In base 12, what is 7b361 + -73?
7b2aa
In base 15, what is 6b + -15b988?
-15b91c
In base 4, what is -213023 - 13120213?
-13333302
In base 13, what is -8 - 84975?
-84980
In base 4, what is 102012 + -3213012?
-3111000
In base 2, what is -111101100100011001001110 + -11011?
-111101100100011001101001
In base 9, what is 278413 + 38?
278452
In base 6, what is 14212211 - -2000?
14214211
In base 7, what is -4 - -466222326?
466222322
In base 11, what is -420456a6 + 1?
-420456a5
In base 10, what is -1010948744 - -2?
-1010948742
In base 5, what is -441142 - 20?
-441212
In base 2, what is 10100001 + 1001100010010?
1001110110011
In base 4, what is 311 - 32211233130?
-32211232213
In base 11, what is -a93a - -27?
-a913
In base 2, what is 111001 - 100011111101001110011?
-100011111101000111010
In base 4, what is 3220121221 + -101?
3220121120
In base 13, what is -815431 + -18?
-815449
In base 7, what is 6101653 - -4?
6101660
In base 3, what is 212000012211 - -2?
212000012220
In base 3, what is 11 - 212012102221?
-212012102210
In base 3, what is 2222222202 - 111121?
2222111011
In base 14, what is 2c17ba + 4?
2c17c0
In base 2, what is -100110010110101 + 1010001110100?
-11100001000001
In base 15, what is -2946 - -108c?
-18a9
In base 11, what is -735404 - -1?
-735403
In base 4, what is 1001 + -111001203132?
-111001202131
In base 12, what is -1767 - 8035a?
-81b05
In base 10, what is 69778 - 7861?
61917
In base 8, what is -23024620 + -6?
-23024626
In base 12, what is 5 + 42742161?
42742166
In base 12, what is 5 + -29b88642?
-29b88639
In base 7, what is 3044 + -11122?
-5045
In base 13, what is -566 + -15b31?
-16397
In base 6, what is -342 - 11001255?
-11002041
In base 11, what is 267 - 2073?
-1907
In base 15, what is -2a2d + 128c?
-1791
In base 6, what is -5 - -302232425?
302232420
In base 3, what is 2 - 11201010011?
-11201010002
In base 14, what is -6258 - 7231?
-d489
In base 6, what is 40 - 10440420313?
-10440420233
In base 6, what is -101250422 - -44?
-101250334
In base 13, what is b2850 - 1129?
b1724
In base 9, what is -7175047 - -6?
-7175041
In base 9, what is -2728 - -6303?
3464
In base 5, what is 31340 + -121202?
-34312
In base 5, what is -434 + 4220411211?
4220410222
In base 15, what is -4 - -1ba411?
1ba40c
In base 8, what is -4415 + -365233?
-371650
In base 4, what is 111320 + 10300012?
11011332
In base 4, what is -11 + -11303321113002?
-11303321113013
In base 9, what is 15654 + 2782?
18546
In base 12, what is -336624a - 143?
-3366391
In base 16, what is 3 - -266d42?
266d45
In base 6, what is 145 - -35554500?
35555045
In base 6, what is 501320 + -3434?
453442
In base 8, what is -1 + 140170701?
140170700
In base 4, what is 1011020220221 - -11?
1011020220232
In base 16, what is a5fbee + 5?
a5fbf3
In base 5, what is -2410 - 301241?
-304201
In base 13, what is -10c4 - 385?
-1479
In base 13, what is 2 - -294788?
29478a
In base 15, what is -57 + -24ca1?
-24d08
In base 11, what is -3473 + -12676?
-16039
In base 5, what is 31041234 + 3?
31041242
In base 2, what is 10011100011001100111111 - 101?
10011100011001100111010
In base 9, what is 4420 - -2031?
6451
In base 4, what is -3012201 - 312230?
-3331031
In base 8, what is 250 + -74773?
-74523
In base 10, what is -2283068 - 6?
-2283074
In base 3, what is 2112 + 22102110220?
22102120102
In base 5, what is -31413 - -2303320?
2221402
In base 12, what is 140793546 + -5?
140793541
In base 13, what is -228119 - -2?
-228117
In base 7, what is -130433 - -1024?
-126406
In base 9, what is -6 + -5420454?
-5420461
In base 3, what is 12120212021 - 201120?
12120010201
In base 2, what is 1001 - 1101110000111001101?
-1101110000111000100
In base 10, what is -52 + -160876?
-160928
In base 7, what is 16564 - -1011?
20605
In base 14, what is -379 - 19305?
-19680
In base 12, what is 4 + -427aa?
-427a6
In base 8, what is 34607755 + -62?
34607673
In base 14, what is -12 - 3c117?
-3c129
In base 7, what is 215244453 + -4?
215244446
In base 6, what is -42152 - 1314?
-43510
In base 8, what is -6760 + 52?
-6706
In base 13, what is -138 + 1276?
113b
In base 15, what is -58 - a2a5e?
-a2ab7
In base 5, what is -10 + 13314421100?
13314421040
In base 7, what is 320121 - -35266?
355420
In base 2, what is 1 - 10011111000111101110?
-10011111000111101101
In base 9, what is 2063331 + -1?
2063330
In base 12, what is -2018985 + -4?
-2018989
In base 11, what is 36790 - 64?
36727
In base 16, what is 25392 - -5?
25397
In base 15, what is 71cde1 - b?
71cdd5
In base 15, what is 56 - 158dca?
-158d74
In base 12, what is -5 + 222b75a9?
222b75a4
In base 6, what is -3521 + -4341544?
-4345505
In base 16, what is -4fd3 + 3fe?
-4bd5
In base 9, what is 0 - 10018264?
-10018264
In base 6, what is -25 + -25110103?
-25110132
In base 7, what is 366 + -414400?
-414001
In base 15, what is -460a92e2 + -1?
-460a92e3
In base 7, what is 211501 - -45?
211546
In base 3, what is -2122 + -22022102101102?
-22022102111001
In base 4, what is 23 - 133220100221?
-133220100132
In base 10, what is 3 - -4583220?
4583223
In base 12, what is 199705a - -8a?
1997128
In base 5, what is 12304 + 41213?
104022
In base 10, what is -86 - 4666437?
-4666523
In base 8, what is -147202 - -227?
-146753
In base 2, what is -1010110100 - -10001011101010?
10000000110110
In base 6, what is 451122 - -315?
451441
In base 2, what is 100111011110 - 1110000010010?
-1001000110100
In base 3, what is -20 - -1002022020200220?
1002022020200200
In base 7, what is 10146032 + 4?
10146036
In base 4, what is -3311 - 13333100?
-20003011
In base 8, what is -1461164 + -44?
-1461230
In base 3, what is -1100000110121112 + -100?
-1100000110121212
In base 7, what is -1253 + -3060?
-4343
In base 6, what is -1310414400 + 2?
-1310414354
In base 15, what is 3 - -4296664?
4296667
In base 6, what is 531351 - 32240?
455111
In base 9, what is -22088370 + 4?
-22088365
In base 14, what is -1c4b0b633 - 1?
-1c4b0b634
In base 10, what is 1119118 + -1?
1119117
In base 10, what is -703208 - 59?
-703267
In base 5, what is 22212344313 + -2?
22212344311
In base 8, what is 0 - 20640761?
-20640761
In base 3, what is 20102022122 + 21010002?
20200102201
In base 9, what is 427 + -75?
342
In base 15, what is -1dc - 1b4a?
-1d37
In base 3, what is 202111 - 1010220200200?
-1010212221012
In base 8, what is -1022115122 + 4?
-1022115116
In base 12, what is -683747 + 139?
-68360a
In base 6, what is -5013 + -3051?
-12104
In base 15, what is 14 - -8cba93?
8cbaa7
In base 9, what is -867 - 14213?
-15181
In base 14, what is -627d39 + -6?
-627d41
In base 15, what is ad - -1e64d?
1e70b
In base 5, what is 23 + -1033330140?
-1033330112
In base 3, what is 1 + -101001021200210011?
-101001021200210010
In base 12, what is 19 + 2b73a4?
2b7401
In base 12, what is -4b + 31711?
31682
In base 9, what is 8468748 + 1?
8468750
In base 4, what is -21323310 + -1011320?
-23001230
In base 9, what is 1 + -35317742?
-35317741
In base 13, what is -4756 - -3177?
-15ac
In base 4, what is 11 - -22313021223?
22313021300
In base 11, what is 132 + -1a9820?
-1a9699
In base 3, what is 111222 + 2102001022?
2102120021
In base 10, what is 406829 - 508?
406321
In base 16, what is 5 - -eaa33a?
eaa33f
In base 6, what is 5 + 34240143?
34240152
In base 16, what is 980 - -1ee?
b6e
In base 8, what is 73 + 517243?
517336
In base 4, what is -132300 + 202112?
3212
In base 11, what is 425 - -12a7a?
133a4
In base 8, what is -542455 + -15774?
-560451
In base 9, what is 132711 + 2054?
134765
In base 16, what is 6 + -d5e49b?
-d5e495
In base 9, what is -384 + -1031?
-1425
In base 4, what is 2 + 30303113213222?
30303113213230
In base 7, what is 62263 + -4354?
54606
In base 8, what is 6510 - 120?
6370
In base 10, what is -5 - 1331807?
-1331812
In base 5, what is -131131120442 + 1?
-131131120441
In base 4, what is 1300122203212 + -1?
1300122203211
In b